+ -3 - h?
True
Suppose 0 = -77*i + 85*i - 3696. Suppose 5*y - i - 618 = 5*o, 2*y = 4*o + 436. Is 18 a factor of y?
False
Suppose 0 = 27*c - 4*c - 26220. Is c a multiple of 30?
True
Let l(z) = -2*z**2 - 141*z - 314. Is l(-60) a multiple of 22?
True
Suppose s = -5*v - 242, 0 = -3*s - 0*v + 3*v - 780. Let p = s - -518. Is p a multiple of 12?
False
Suppose 0*m + 4*m = 60. Suppose -m = 5*z - 8*z. Suppose 0 = 5*x + 3*a - 130 - 411, 2*x + z*a - 205 = 0. Is 22 a factor of x?
True
Let t = -49 + 52. Suppose 0 = 22*b - 25*b - 3*u + 1407, 0 = t*b - 3*u - 1383. Is b a multiple of 38?
False
Let j be 4/(-30) + ((-749)/(-105) - 7). Suppose 10*k - 6302 + 862 = j. Is k a multiple of 34?
True
Let d be 160*12*(-16)/(-6). Suppose -257*a = -267*a + d. Does 8 divide a?
True
Let x(n) = -12*n - 22. Let i be x(-2). Suppose i*r - 3*b - 457 = 0, -5*b + 859 = r + 3*r. Is r a multiple of 12?
False
Let m = 80746 + -56386. Is ((-8)/(-10))/(42/m) a multiple of 30?
False
Suppose 0 = -5*s, -q = -2*q - 5*s + 5. Suppose -q*j + 2 = -3. Does 8 divide (0 - j)/(8/(-304))?
False
Suppose -4*f + 2*f + 105 = 5*x, 5*f + 51 = 4*x. Suppose -6*j + x*j = 546. Is j a multiple of 7?
True
Let b = 1 - -13. Let y be (7/b)/(1/62). Let x = 159 - y. Does 32 divide x?
True
Let k be -8*(-1)/4 + 6. Suppose 0 = 2*d - k*d + 2448. Is 17 a factor of d?
True
Is 6 + 7037 + 3 - (9 - 13) a multiple of 25?
True
Suppose 0 = -4*a - 2*a - 240. Let d = a - -62. Let r = 3 + d. Is 5 a factor of r?
True
Is 10 a factor of (20/(-1))/((-162)/(-54))*-1098?
True
Suppose -95 = 10*x - 335. Suppose 4*m - 1344 = -x*m. Is m a multiple of 3?
True
Let u(a) be the second derivative of a**5/20 + 11*a**4/6 - a**3/6 - 7*a**2/2 + 57*a. Is u(-22) a multiple of 11?
False
Let y(l) = 1076*l**3 + 15*l + l + 4*l**2 - 1075*l**3 - 4 - 24 - 12*l**2. Is y(10) a multiple of 3?
False
Let g be (3/(-15))/((-2)/(-4))*-5. Suppose 0 = 8*t - g*t + 3252. Is t/(-6) - (10 + -5)/15 a multiple of 15?
True
Let q(l) = -9*l + 64. Let z be q(0). Suppose -r = -3*o + 38, 200 = -0*r - 5*r + 5*o. Let x = r + z. Is 14 a factor of x?
False
Let v(j) = 2*j**2 - 52*j - 45. Let c(f) = f**2 - 26*f - 23. Let p(h) = 5*c(h) - 3*v(h). Is p(10) a multiple of 7?
False
Let s be (-1 - -3) + (-7 - -5) + 54. Suppose -l + 10 = 4*l. Suppose -m = -l*m + s. Is m a multiple of 18?
True
Let c be 6596/102 - (10/(-6))/(-1). Suppose -b + 2*y = -3*y - 9, -2*b = 5*y - c. Is 12 a factor of b?
True
Let w(d) = -13*d**3 - 10*d**2 - 5*d - 98. Is w(-6) a multiple of 20?
True
Let k = 969 + -268. Is 39 a factor of 5 - (-7 + -1 - k)?
False
Let n(v) = 2*v**2 + 8*v - 3. Suppose 3*d = -4*d - 63. Let r be -10*(54/12)/d. Is n(r) a multiple of 13?
False
Suppose -155435 = -73*z + 183796. Is z a multiple of 5?
False
Suppose -a = 3*m + 7, -3*m - 2 = -m - 2*a. Let q(s) = -33*s**3 + s**2 + s + 1. Let o be q(m). Let l = 382 - o. Is 23 a factor of l?
True
Let b(c) = -c**3 + 10*c**2 - 12*c + 3. Let k be (-144)/27*(15/(-6) - -1). Let q be b(k). Suppose -9*f + 8*f + q = 0. Is f a multiple of 27?
False
Let b = 53 - 87. Let y = 185 - b. Is 73 a factor of y?
True
Suppose 4*h - 17 = 63. Suppose -72 = h*q - 392. Is 4 a factor of q?
True
Let i(p) = -p**2 + 11*p. Let o be i(6). Let z be 1*((-456)/12)/(-2). Let u = o - z. Is 2 a factor of u?
False
Let r(w) = 11*w + 55. Let i be 3 - ((-30)/(-24) - (-2)/(-8)). Suppose -x + i*y + 6 = 0, 4*x + 3*y + y - 48 = 0. Is 7 a factor of r(x)?
False
Let l be (1 - -1 - 5)*(-3580)/(-15). Let z = 1339 + l. Does 7 divide z?
True
Suppose 0 = 2*c + 3*r - 1351, 111*c - 110*c - 678 = r. Is 2 a factor of c?
False
Let u(d) = -75*d + 74. Let t(l) = 2*l. Let s(i) = -18*t(i) + 2*u(i). Does 22 divide s(-5)?
True
Suppose 591*y - 604*y = -1695 - 6729. Is 8 a factor of y?
True
Let h be -7*4/42*-3. Suppose -h*w = 4*q - 2252, 2*w = -3*q - 2*q + 2813. Is 33 a factor of q?
True
Suppose 0*h + 2*h = 2*d - 16, 3*d - 12 = 0. Let y be 1 - ((-8)/h - 3 - -13). Let r(v) = -6*v - 12. Is 6 a factor of r(y)?
True
Suppose 4*d - 3*k = 1, 3*k - 15 - 16 = -4*d. Suppose 4*a - 1 + 7 = 5*v, -4*v = -d*a - 4. Suppose -r - 12 = v*r, 0 = -3*b - r + 134. Is 15 a factor of b?
False
Let a(s) = 178*s**2 + 9*s - 23. Is 13 a factor of a(5)?
True
Is 1/((-21)/108)*(-51 + 30) a multiple of 9?
True
Let i(x) = x**3 - 12*x**2 - 11*x - 22. Let v be i(13). Suppose 2*r = -v*t + 172, -t - 4*r + 6*r + 33 = 0. Is t a multiple of 2?
False
Let h = 4685 + -2510. Is 29 a factor of h?
True
Suppose 0 = 2*i - 41 - 27. Let z = i + -34. Suppose -2*b + 3*x + 34 = z, -3*b + 6*x - x + 53 = 0. Is 11 a factor of b?
True
Suppose 2*j + 2*z + 245 - 819 = 0, -5*j + 2*z + 1456 = 0. Does 71 divide j?
False
Suppose -38*m + 43*m - 10*j = 64555, -3*m + 3*j = -38742. Does 82 divide m?
False
Suppose 0 = -4*y + i + 1436, -2*i + 1084 = 3*y - i. Is y a multiple of 8?
True
Suppose 4*j + 200*n - 198*n = 13428, 5*n - 16790 = -5*j. Does 3 divide j?
False
Suppose 3*d - 20*a = -16*a + 19196, 3*a = 2*d - 12797. Is d a multiple of 50?
True
Let r(x) be the first derivative of 19*x**2/2 - 7*x + 1. Suppose 0 = 52*g - 6*g - 138. Does 25 divide r(g)?
True
Suppose j - 17294 + 183 = -c, -2*c - 3*j = -34218. Is c a multiple of 72?
False
Let i(n) = 57*n**3 + 4*n**2 + 4*n - 2. Let d be i(-2). Let h = 331 - d. Is h a multiple of 11?
True
Let l(q) = -12*q + 163. Let b be l(13). Is 29 a factor of 280/(-60)*(-870)/b?
True
Let b = 441 + 138. Let z = b + 294. Is 26 a factor of z?
False
Let x be 2/8 + 500/(-16) + -7. Is ((-30)/12)/(2/(x + 2)) a multiple of 15?
True
Let n = 12037 + -5943. Is n a multiple of 166?
False
Is 99 a factor of ((-67 - -34)*(-1)/3)/(5/965)?
False
Suppose -5*b + u = 3*u + 239, -98 = 2*b + 2*u. Is 309 - (-10)/4*(b - -45) a multiple of 8?
True
Suppose 0 = -2*a + 4*v + 6 + 4, a = -3*v. Suppose -k - 7*l + 10*l = 3, a*l + 33 = 5*k. Is k a multiple of 9?
True
Let t(k) = -k**3 + 26*k**2 - k + 31. Let u be t(26). Suppose -w + 1 - 2 = -3*i, -w + 5*i = u. Suppose 102 + 29 = p + w*y, -y - 143 = -p. Is p a multiple of 15?
False
Let c(q) = -q**3 - 12*q**2 + 2*q + 44. Let w be c(-12). Is 63 a factor of 17712/w + -4 + 14/35?
True
Let o be 90/9 + 3/(-1). Suppose 2*g = 3*b + 110 - o, 4*g + b - 185 = 0. Suppose 43*j + 700 = g*j. Is 18 a factor of j?
False
Let k = 457 - 478. Let b(g) = -62*g - 284. Does 36 divide b(k)?
False
Suppose -2*f - 54 = 24. Let z be (-1)/21*(28 - 25) + 2437/7. Let j = z + f. Is 43 a factor of j?
False
Suppose -2*p - 5*u + 12400 = 0, 3*p + 2041 = -4*u + 20655. Suppose p + 4362 = 12*b. Does 90 divide b?
False
Let q(w) = 5*w**2. Let c be q(-1). Suppose -c*r - 4*o + 1312 = -8*o, 4*r = -4*o + 1028. Does 20 divide r?
True
Suppose -21*x - 139060 + 518968 = -591195. Is 14 a factor of x?
False
Suppose 343014 = 9*s + 4*z, 11*z = 3*s + 16*z - 114327. Is 59 a factor of s?
True
Suppose 0 = 2*s - 3*k - 866, 5*s - 1328 = 3*k + 810. Is 39 a factor of s?
False
Let b = -1690 - -1660. Let w(x) = x**2 - 6*x - 3. Let j be w(7). Is j/b - (-4840)/300 a multiple of 4?
True
Suppose -3*b + 159 = v - 2*v, 5*v + 828 = 4*b. Is 7/(v/856)*21/(-1) a multiple of 13?
False
Suppose -3*l = -3*y - 58 - 2, l = -2*y + 35. Is 28 a factor of (436/(-20))/((-5)/l)?
False
Suppose 13*i = 15*i - 4*m - 8736, -4*i + 17526 = m. Is i a multiple of 60?
True
Suppose 0 = -8*k + 5*k + 9. Suppose -4*o = -j + 174, -k*j + 2*o + 578 = 4*o. Suppose -8*q - 2*q + j = 0. Is q a multiple of 3?
False
Let i(t) = -t**2 - 3*t + 6. Let v be i(-3). Suppose 0 = -b - 89 + v. Is 44/(-11) - (b - -1) a multiple of 13?
True
Let k(j) be the third derivative of -1/24*j**4 + 0 + 0*j + 9/2*j**3 - 16*j**2. Is 16 a factor of k(-11)?
False
Suppose -1574 = 5*t + 4*d + 1441, 5*t + 3*d = -3010. Is t/8*-4 - 5/(-10) a multiple of 4?
True
Suppose r = 7*w - 3*w + 45622, 4*r + 4*w = 182328. Is r a multiple of 194?
True
Let f(n) be the first derivative of 16*n**3/3 + 2*n**2 + 2*n + 38. Let x(b) be the first derivative of f(b). Is x(2) a multiple of 9?
False
Let g = 2279 + -1671. Is g a multiple of 19?
True
Let i(t) = 2*t**3 - 5*t**2 + 26*t - 94. Does 42 divide i(9)?
False
Does 26 divide -5*(0 - 12/9)*7020/225?
True
Suppose -4*q = -5*k + 78 + 32, -4*k + 5*q + 88 = 0. Let d be (-6)/(-2) - 22/k. Suppose u + 2*v = d*u - 315, -4*u - v + 1242 = 0. Does 39 divide u?
False
Is 9 a factor of (80703/(-588))/((-1)/68)?
True
Let h = -54 - -93. Suppose -h*p = -42*p + 207